37, -4*q - 465 = 13*m - 14*m. List the prime factors of m.
3, 53
Let v = -1695 + 4378. What are the prime factors of v?
2683
What are the prime factors of (-4 + 1256)*(6/(-4) - -2)?
2, 313
Let o(b) = -b**2 + 17*b + 66. Suppose 8*l - 126 = 10. What are the prime factors of o(l)?
2, 3, 11
Let o(p) = p**2 - 12*p - 14. Let r(b) = 2*b**2 - 24*b - 27. Let u(z) = -5*o(z) + 2*r(z). Let m be 3/6 + 231/22. List the prime factors of u(m).
3
Let g = -68 + 73. List the prime factors of (-13)/g + 3 + (-1456)/(-10).
2, 73
Suppose -4*w + 4*j + 42 = -26, -2*j - 10 = 0. Suppose 22 = c - w. Suppose -x - c = -3*x. What are the prime factors of x?
17
Let t(n) = -14*n - 9. Let w be t(-2). Suppose j = w + 20. List the prime factors of j.
3, 13
Suppose -2545 = -3*j - 5*s, -4*s + 3055 = 5*j - 1178. What are the prime factors of j?
5, 13
Suppose 21*p = 26*p - 300. What are the prime factors of p?
2, 3, 5
Suppose 2*q - 1117 = -5*h + 697, 5*q - 5*h - 4465 = 0. List the prime factors of q.
3, 13, 23
Suppose 0*k + 4*k - 28 = 0. Suppose l - 17 - k = 0. Let f = -4 + l. What are the prime factors of f?
2, 5
Suppose -1 = -b - 4. Let l(u) = 19*u - 34*u - 1 + 3*u. What are the prime factors of l(b)?
5, 7
Let s be 2/6 + (-1722)/(-18). Let t(m) = 6*m**3 - 2*m**2 - 2*m + 4. Let b be t(-2). Let p = b + s. What are the prime factors of p?
2, 3
Let m(j) = j**2 + 7*j. Let z be m(-7). Let x = -16 - -40. Suppose z*s = 4*s - x. List the prime factors of s.
2, 3
Suppose -3*d = 2*d - 5*l + 405, -2*d - 163 = -3*l. List the prime factors of ((-20)/d)/((-1)/(-148)).
37
Suppose -29*l + 248 = -25*l. List the prime factors of l.
2, 31
Let w = 21 - 4. Let k = w - 13. List the prime factors of k.
2
Suppose 8*g - 4*g = 84. Let n be (-2)/(-6) - 7/g. Suppose n = -3*s + 4*v + 36, -3*v - 60 = -4*s - s. What are the prime factors of s?
2, 3
Suppose 14 = 2*z - 3*v, -4*v - 5 = -13. Let u be (24/15)/(2/z). Suppose a + 30 = 5*f, 2*f + a = 4 + u. List the prime factors of f.
2, 3
Suppose -3*i - 1 = -2*c, 2*c - 2*i - 6 + 4 = 0. Suppose -335 = -c*d + 3*k, 2*d - 18 - 313 = -k. List the prime factors of d.
2, 83
Suppose 0 = -5*h + 4*w + 4178, -2*h + 5*w + 356 = -1305. List the prime factors of h.
2, 419
What are the prime factors of 2/2*(324 + -28)?
2, 37
Let z(r) = -r**3 + 6*r**2 + 7*r - 7. Let k be z(5). Let i be ((-8)/(-10))/((-1)/35). Let w = i + k. List the prime factors of w.
5
Let n(k) = k**3 - 3*k**2 - 2*k - 4. Let q be 3 + 3 - (0 + 2). Let f be n(q). Suppose -f*a + 3*m + 130 = 20, 4*a - 124 = -4*m. What are the prime factors of a?
29
Let w = 27 - 27. Suppose 6*i - 3 - 21 = w. What are the prime factors of i?
2
Suppose t + 4*t - 4967 = -3*y, -y = t - 995. Suppose -4*z - z + g = -t, -201 = -z + 3*g. List the prime factors of z.
2, 3, 11
Let q = -19 - -22. Suppose q*a - 1 = 2. What are the prime factors of (-3)/9*(a + -85)?
2, 7
Suppose 0 = -5*h - 3 - 2. Let t(n) = 6*n**2 - 1. Let g be t(h). Suppose -g*i + 4*x = -4*i - 30, -38 = -3*i - x. List the prime factors of i.
2, 7
Suppose 42 = 5*m - 8*m. List the prime factors of -13 - m - 9*-8.
73
Let q be 6/4 + 526/(-4). Let p be -3 - 1/1 - 73. Let i = p - q. What are the prime factors of i?
53
Suppose 14*h - 546 - 392 = 0. List the prime factors of h.
67
Let z(t) = 103*t - 127. List the prime factors of z(6).
491
Suppose 2065 = -19*s + 13712. List the prime factors of s.
613
Suppose 22*u = -6*u + 13132. What are the prime factors of u?
7, 67
Let l(m) = -2*m - 12. Let k(u) = -1. Let z(v) = -20*k(v) + 2*l(v). Let a be z(-6). Suppose 2*h + 4*x + a = 5*h, -3*h + 5*x = -19. List the prime factors of h.
2
Let g(n) = 4*n**2 + 6*n - 36. What are the prime factors of g(6)?
2, 3
Let n = -253 - -592. What are the prime factors of n?
3, 113
Let l(d) = -7*d + 3. Let j(c) = c**3 - 5*c**2 - 9*c + 9. Let t be j(6). Let b be 39/t - (-2)/6. What are the prime factors of l(b)?
31
Suppose 0 = 3*y - v - 11, -3*y + 8*y = 4*v + 30. Suppose 0 = b + y*b - 5*q - 253, 3*b = 4*q + 251. List the prime factors of (b/(-6))/9*-38.
3, 19
Suppose -2*z - 9 = 4*v - 5, 4*z = -16. List the prime factors of v/(5/((-145)/(-88)) - 3).
29
Suppose 2030 = -c + 11*c. List the prime factors of c.
7, 29
Let g(v) = 5*v**2 + 2*v + 1. Let q be g(-1). Let s be (-2)/4*(-16)/2. Suppose 0 = q*a + s - 48. What are the prime factors of a?
11
Let o be (-11 + 6)/(1/2). Let g(c) be the first derivative of -c**2/2 + 2. List the prime factors of g(o).
2, 5
Let a be (2/5)/(7/315). Let y be (-71)/(2/a*-3). Suppose 2*u + n = 5*u - 151, 4*u + n - y = 0. What are the prime factors of u?
2, 13
Let s = -3 + 3. Let v(r) = 2*r - 30. Let b be v(s). List the prime factors of (7 + 0)*b/(-42).
5
Suppose -5*l = -8*l - 66. Let m = 48 - l. What are the prime factors of m?
2, 5, 7
Let p = 263 + -151. Suppose 0 = -4*y + 496 - p. What are the prime factors of y?
2, 3
Let q = -12 + 14. Let v(o) = -o**3 + 4*o**2 - 2*o - 2. Let c be v(q). List the prime factors of (-2)/(-2 - c)*10.
5
Let f = -3566 + 5850. List the prime factors of f.
2, 571
Let b = -564 + 1102. What are the prime factors of b?
2, 269
Let a = 75 - 75. Suppose -2*g = 4*c - 202, a = 4*g - 21 + 9. List the prime factors of c.
7
Suppose -3*f - 1020 = 7*f. What are the prime factors of -4 + f*(-6)/9?
2
Let w(m) = 2*m + 18. Let a be w(-11). List the prime factors of a/(-10) + (-1586)/(-10).
3, 53
Suppose -2*b = -4*n - 34, 2*n + 3*b - 4 + 1 = 0. Let o(v) = 63*v**2 + v + 1. Let r be o(-1). What are the prime factors of 6/12 - r/n?
11
Let z(c) = 31*c**2 + 3*c - 28. What are the prime factors of z(4)?
2, 3, 5
Let n(x) = -x**2 - 7*x + 2. Suppose -2*k + 21 = -5*k. Let u be n(k). Let f = 26 - u. List the prime factors of f.
2, 3
Suppose 60*j - 27894 = 82566. What are the prime factors of j?
7, 263
List the prime factors of (571 + 2)*80/24.
2, 5, 191
Let l = 46 + -42. Suppose -l*z + 100 = 6*z. List the prime factors of z.
2, 5
Let l be (-304)/(-4) + 1 + -2. Suppose 2*o + 80 = 5*u, o - 4*o - l = -5*u. Suppose 5*d = u + 2. What are the prime factors of d?
2
Let t = -5 - -13. Let m(x) = -4*x - t*x - 8 + 5*x + 1. What are the prime factors of m(-7)?
2, 3, 7
Let q(r) = -2*r - 23. Let w be q(-13). Suppose -w*z + 81 = -0*z. What are the prime factors of z?
3
List the prime factors of 24/12 + 956/2.
2, 3, 5
Let p(l) be the third derivative of l**5/60 + 11*l**4/24 - 11*l**3/2 + 35*l**2. List the prime factors of p(-15).
3
Suppose -z - 3*y + 44 = 0, -5*z - 3*y - y = -176. Let p = 21 + z. What are the prime factors of p?
53
Let a be (-4 - (-685)/10)*-2. Let c = 201 + a. What are the prime factors of c?
2, 3
Let t(y) = -26*y - 1. Let i be t(-1). Let v = 105 + -57. Let f = v - i. List the prime factors of f.
23
Let u be -2*((0 - 1) + 2). Let s = u + 6. Suppose 4*b = s + 8. List the prime factors of b.
3
Suppose 4*w = d + 561, -3*d = 2*w - 80 - 183. Let y = w + -253. What are the prime factors of (-12)/30 + y/(-10)?
11
Let w(r) = r**3 - 9*r**2 + 20*r. Let c be w(8). Suppose 0 = 2*v + 4*l - 82 + 30, 3*l + c = 3*v. What are the prime factors of v?
2, 3, 5
Let s(c) = -c**2 + 4*c + 5. Let u be s(4). Let f be -2*52/12*306/(-12). Suppose 3*t + t - u*j = f, -t + 59 = -2*j. List the prime factors of t.
7
Let m(o) = -6*o - 186. Let n be m(-32). Let k be 8/(-3)*9/(-6). Suppose k*a - n*a = -56. What are the prime factors of a?
2, 7
Let j be 60/3*3*(-1)/(-12). Suppose -k + 3*k - 4*t = 138, j*k + 2*t - 405 = 0. List the prime factors of k.
79
Suppose -15*o + 4452 = -o. List the prime factors of o.
2, 3, 53
Let o be ((-4)/(-8) + 0)*4. Suppose -o = -3*g + 13. Suppose -5*p + 0*y = 2*y - 131, -g*y + 15 = 0. What are the prime factors of p?
5
Suppose -2*t + 28 = 18. Suppose -2*g + 158 = 4*m, -3*m + 61 = -m - t*g. What are the prime factors of m?
2, 19
Let m(r) = 8*r**3 - 3*r**2 + 24*r - 166. List the prime factors of m(7).
23, 113
Suppose 37*w - 21*w - 13632 = 0. What are the prime factors of w?
2, 3, 71
Suppose -3 = -g + 4*a - 19, 3*a = 12. Suppose 2*f + l = -2*f + 329, g = -2*f + 4*l + 178. What are the prime factors of f?
83
Let f be 10 - (-3 - 1) - 0. Suppose 0 = -4*h + 10 + f. Suppose 0 = -h*k + 2*k + 44. List the prime factors of k.
11
Let a(u) = u + 6. Let j be a(-6). Suppose 2*w = -3*r + 111, -2*r + 0*r = -4*w - 90. Suppose j*y = 3*y - r. List the prime factors of y.
13
Let w(z) = -z**2 + 8*z + 9. Let k be w(9)